 factor of 42 and q.
6
Let r be (4/12)/(2/72). Let z = r + 39. Suppose -1 = 5*x - z. Calculate the highest common factor of x and 25.
5
Suppose -45 + 12 = -3*v. Suppose -v = -6*x + 55. Suppose x*n - 384 = 7*n. What is the highest common factor of 32 and n?
32
Let u = 189 - 132. What is the highest common factor of 57 and u?
57
Let m = -7417 - -7444. Suppose 0 = -3*t - 0*t + 90. Suppose -t = -4*j + 42. What is the highest common factor of m and j?
9
Let s be 19*(7 - (3 + -3)). Calculate the highest common factor of s and 35.
7
Let u = -99 + 263. What is the greatest common divisor of 205 and u?
41
Suppose 9 + 108 = 3*y. Let f be 4/(-16) - 315/(-12). What is the greatest common divisor of y and f?
13
Let s(t) = 3*t**2 + 1. Let u be s(-3). Let r = u + -39. Let y be (-2)/r - (-9660)/110. Calculate the highest common divisor of 8 and y.
8
Let x be (34/51)/((-8)/(-3828)). What is the highest common factor of 290 and x?
29
Let b = -1 - 1. Let j be (-3)/((-25)/(-13) + b). Let d(x) = -11*x + 79. Let v be d(6). What is the greatest common divisor of j and v?
13
Suppose -4*d + 133 = 105. Suppose 0*g + g = d. Calculate the greatest common divisor of g and 28.
7
Let l = -3 - -3. Suppose l = 4*j - 1321 + 457. Let v = -62 - -86. What is the highest common factor of v and j?
24
Let u = 1663 - 1633. Calculate the highest common factor of u and 480.
30
Suppose 0 = 2*u + 5*s - 37, 3*u = 4*s - 7*s + 51. What is the greatest common divisor of u and 1328?
16
Suppose -3*j = -2*r - 665, -4*j + 27 = -3*r - 858. Calculate the greatest common factor of j and 36.
9
Let d be 3 + -2*1/2. Suppose 0*q - d*q = -4*x + 34, 5*q - 4*x = -85. Let t = 29 + q. What is the highest common divisor of t and 132?
12
Let c(h) = 12*h - 3. Let b be c(2). Suppose u + 28 = -3*p + 528, 2*p + 4*u = 320. What is the highest common factor of p and b?
21
Suppose 0 = 7*c - c - 1260. Let h(i) = -i**2 - 5*i + 30. Let j be h(0). What is the highest common divisor of c and j?
30
Let c = 20 + -17. Suppose 0 = -4*o + o + c. Suppose o = -3*v + 22. What is the highest common factor of v and 49?
7
Let m(h) = h**3 + 2*h**2 - 12*h - 10. Suppose 0 = t - 0*g + 2*g, -2*t + g = 10. Let w be m(t). What is the greatest common divisor of w and 72?
6
Let d(y) = -2*y**2 + 41*y - 26. Let j be d(13). What is the highest common factor of j and 26?
13
Let r = -63 + 131. Suppose t - r = -10. Calculate the greatest common divisor of t and 29.
29
Suppose -229*z + 247*z - 126 = 0. Calculate the greatest common divisor of 343 and z.
7
Let c be 128/6 + -4*(-15)/90. What is the greatest common factor of c and 1914?
22
Let y(c) = -c**3 + 3*c**2 - 3*c + 17. Let q be y(3). What is the greatest common divisor of q and 104?
8
Suppose 0 = 24*s - 20*s - 16, 4*r = -5*s + 1648. What is the highest common factor of r and 185?
37
Suppose -28 = -2*q + n, -5*n + 10 = -4*q + 66. Let f be (2 - 41 - 4) + -3. Let g = f - -102. Calculate the highest common factor of g and q.
14
Let z = -3788 - -3823. Let i = 9 + 5. What is the highest common factor of i and z?
7
Let b be 4/(3/(-24)*-4). Let c be (-2)/b - 130/(-8). Calculate the highest common factor of 176 and c.
16
Let c(p) = -p**2 + 29*p + 13. Let v be c(16). What is the highest common divisor of 17 and v?
17
Let y(p) = p**3 - 11*p**2 - 68. Let l be y(12). Calculate the highest common divisor of l and 4.
4
Let f = 1169 - 1163. Suppose 0 = -2*v - 6, 0 = -2*j - 2*v - 0*v + 6. What is the greatest common divisor of j and f?
6
Suppose 2*c - c - 688 = 0. Suppose -5*x + c = 268. Suppose 0*n - 2*l = 4*n - x, l + 53 = 3*n. Calculate the greatest common divisor of n and 76.
19
Let b be 7*(-2796)/(-336) + (-2)/8. Calculate the greatest common factor of 290 and b.
58
Suppose -2*v - 2*d + 10 = 0, 2*d + 12 = 6*d. Let c be 228/(-3) + (1 - v). Let a = 126 + c. What is the highest common divisor of a and 7?
7
Suppose 0 = -15*u + 6*u + 243. Calculate the greatest common factor of u and 48.
3
Suppose 29*m - 16042 = 21078. Calculate the greatest common factor of 80 and m.
80
Let l = 7 - -5. Let u = 1740 - 1728. Calculate the greatest common factor of u and l.
12
Suppose -n - 4*n = 275. Let c = n + 94. Suppose 2*h - 27 = c. What is the greatest common divisor of h and 3?
3
Suppose 3*m = 1163 + 1057. Suppose 3*t + m = 290. Let y = -90 - t. What is the greatest common factor of y and 15?
15
Let n(v) = 70*v**2 - 7*v + 5. Let s be n(1). Calculate the greatest common factor of 170 and s.
34
Suppose 6*s = -5*s + 22. Let r(t) = 8*t**2 - 6*t + 10. Let o be r(s). Calculate the highest common divisor of o and 60.
30
Suppose 4*k + 4*l = 20, -5*k + 8 = -k - 2*l. Let g(f) = f - 2 + 9*f**2 + f**2 - f**2 - 2. Let t be g(k). Calculate the highest common divisor of 10 and t.
10
Suppose -2*q + 0*q + 60 = 0. Let t be (-683)/(-5) + (-18)/q. What is the highest common divisor of t and 17?
17
Suppose -2*a - 3*h = -0*h - 161, a - 84 = 2*h. Let j = -79 + a. What is the greatest common factor of j and 6?
3
Let s(y) = y**3 - 5*y**2 + 7*y - 11. Let b be s(5). Let p = -33 - b. Let d = -20 - p. What is the greatest common divisor of 185 and d?
37
Let u = 366 + -220. What is the greatest common divisor of u and 365?
73
Suppose 5*a - 5*m + 2*m + 7 = 0, 4*m - 19 = -3*a. Let p be (-2)/(-2)*9/a. Let r be (216/(-3))/(0 + -1). Calculate the highest common divisor of p and r.
9
Let j(o) = o**3 + 37*o**2 + 17*o - 60. Let w be j(-36). Calculate the greatest common factor of 36 and w.
12
Let y = -162 + 163. Calculate the highest common factor of y and 47.
1
Suppose -4*l - 5*b = -369, 4*l - 195 - 177 = -4*b. What is the greatest common factor of 12 and l?
12
Let g be 46/(-69) + (-6868)/(-6). Let f = g + -473. Calculate the greatest common divisor of f and 61.
61
Let j(w) = w**2 + 9*w - 10. Let q be j(-11). Suppose 0*n - q = -3*n - 5*f, -f + 33 = 4*n. What is the highest common factor of 1 and n?
1
Let i be (-17301)/(-869) - (-3)/33. Calculate the highest common divisor of 5 and i.
5
Let i = 115 + -118. Let z be ((-46)/(-4) - 10/20) + i. What is the greatest common factor of z and 120?
8
Suppose -q - 140 = 4*q. Let h = -15 - q. Suppose -52*s + 1436 = -1268. Calculate the greatest common factor of s and h.
13
Let b(x) be the first derivative of -9*x**4 + x**3/3 - x - 9. Let l be b(-1). Calculate the highest common factor of l and 18.
18
Let l = -64 - -88. Suppose -5*n = k - 50 + 7, -25 = -5*n. Let m be ((-32)/10)/(k/(-45)). What is the greatest common factor of l and m?
8
Suppose 5*v - 3*c - 3 = 21, v = 3*c. Calculate the highest common divisor of v and 48.
6
Let h = -126 - -130. Let g(t) = 2*t**2 - 3*t - 9. Let f be g(h). Calculate the highest common divisor of 44 and f.
11
Let a = -333 + 336. Calculate the greatest common divisor of 33 and a.
3
Suppose -w - 4*w + 50 = 5*c, c + 5*w = 10. Suppose -11 = -2*k - 5*t, -5*k = -k - t - 11. Suppose -k*v = -v - 4. Calculate the highest common divisor of v and c.
2
Let d be ((-4)/5)/(((-40)/25)/4). Let j be 10 - (-1 - d)*-1. Calculate the greatest common divisor of j and 28.
7
Let f(u) = -u**2 + 26*u - 73. Let y be f(17). Calculate the highest common factor of y and 100.
20
Suppose -2*a = a - 2*f - 12, -2*f = 0. Suppose 0*s = 5*j + 5*s - 55, 0 = -a*j + 5*s + 71. Calculate the highest common factor of j and 56.
14
Let w(f) = f**2 - 2*f**2 - 8 + 4*f - f + 3*f**2. Let c be w(-4). Let h be (4/(-2))/(5/(-90)). Calculate the greatest common divisor of c and h.
12
Let f = -107 - -58. Let b = f + 75. Suppose -4*t + 7*t = 390. Calculate the highest common factor of b and t.
26
Suppose -34*f + 7611 + 1909 = 0. Calculate the greatest common divisor of f and 168.
56
Let o = -403 + 434. Calculate the highest common factor of 1922 and o.
31
Let r = 5 - 4. Let a(o) = 4*o - 3. Let d be a(r). What is the greatest common factor of 2 and d?
1
Suppose 11*b + 19650 = 8*b. Let s be b/(-30) + (-4)/3. Calculate the highest common divisor of s and 31.
31
Suppose 0*k + 248 = 2*k. What is the greatest common factor of k and 62?
62
Let s(u) = 3*u**2 + 14*u - 4. Let p be s(-5). Let r be (-1190)/(-17) + (p - 1). What is the greatest common factor of r and 35?
35
Let h = 273 - -728. Calculate the highest common factor of 77 and h.
77
Let v = -4 + 6. Let p(g) = 8 - g - 5 + v + 6. Let f be p(8). What is the highest common divisor of 15 and f?